thousands digit of 46724?
6
What is the hundreds digit of 959?
9
What is the units digit of 2641?
1
What is the units digit of 381?
1
What is the hundreds digit of 3908?
9
What is the tens digit of 1332?
3
What is the tens digit of 2358?
5
What is the units digit of 28520?
0
What is the hundreds digit of 105?
1
What is the hundreds digit of 10312?
3
What is the tens digit of 6832?
3
What is the tens digit of 54338?
3
What is the hundreds digit of 693?
6
What is the tens digit of 64967?
6
What is the tens digit of 3378?
7
What is the tens digit of 322?
2
What is the hundreds digit of 48338?
3
What is the thousands digit of 16460?
6
What is the thousands digit of 3124?
3
What is the thousands digit of 29035?
9
What is the hundreds digit of 1853?
8
What is the thousands digit of 2912?
2
What is the tens digit of 175?
7
What is the units digit of 1213?
3
What is the hundreds digit of 295?
2
What is the thousands digit of 35642?
5
What is the hundreds digit of 123520?
5
What is the units digit of 67101?
1
What is the ten thousands digit of 134489?
3
What is the thousands digit of 4598?
4
What is the thousands digit of 75332?
5
What is the tens digit of 15449?
4
What is the hundreds digit of 76433?
4
What is the tens digit of 2342?
4
What is the units digit of 41133?
3
What is the units digit of 36124?
4
What is the units digit of 22779?
9
What is the tens digit of 148540?
4
What is the units digit of 6493?
3
What is the thousands digit of 15631?
5
What is the thousands digit of 40457?
0
What is the ten thousands digit of 83817?
8
What is the tens digit of 4557?
5
What is the thousands digit of 1736?
1
What is the units digit of 56052?
2
What is the units digit of 512?
2
What is the thousands digit of 12376?
2
What is the hundreds digit of 246?
2
What is the hundreds digit of 685?
6
What is the thousands digit of 78025?
8
What is the tens digit of 29?
2
What is the ten thousands digit of 12642?
1
What is the tens digit of 1563?
6
What is the tens digit of 10443?
4
What is the hundreds digit of 34735?
7
What is the units digit of 10524?
4
What is the hundreds digit of 2606?
6
What is the tens digit of 96?
9
What is the hundreds digit of 705?
7
What is the thousands digit of 1750?
1
What is the tens digit of 8064?
6
What is the units digit of 1496?
6
What is the tens digit of 1681?
8
What is the tens digit of 47067?
6
What is the hundreds digit of 2440?
4
What is the units digit of 15038?
8
What is the units digit of 6174?
4
What is the hundreds digit of 2560?
5
What is the thousands digit of 27305?
7
What is the tens digit of 212?
1
What is the tens digit of 8725?
2
What is the hundreds digit of 1869?
8
What is the ten thousands digit of 117509?
1
What is the hundreds digit of 278?
2
What is the units digit of 621?
1
What is the units digit of 354?
4
What is the units digit of 13426?
6
What is the thousands digit of 7319?
7
What is the units digit of 5270?
0
What is the thousands digit of 5049?
5
What is the hundreds digit of 422?
4
What is the units digit of 15668?
8
What is the hundreds digit of 2357?
3
What is the tens digit of 56797?
9
What is the tens digit of 5048?
4
What is the tens digit of 5177?
7
What is the ten thousands digit of 21039?
2
What is the tens digit of 138624?
2
What is the units digit of 55921?
1
What is the hundreds digit of 20463?
4
What is the hundreds digit of 23872?
8
What is the tens digit of 14336?
3
What is the units digit of 20997?
7
What is the tens digit of 1728?
2
What is the units digit of 17531?
1
What is the units digit of 1701?
1
What is the units digit of 15513?
3
What is the hundreds digit of 146?
1
What is the hundreds digit of 55938?
9
What is the hundreds digit of 163?
1
What is the hundreds digit of 13717?
7
What is the hundreds digit of 1223?
2
What is the thousands digit of 3218?
3
What is the thousands digit of 7219?
7
What is the units digit of 2560?
0
What is the tens digit of 4408?
0
What is the ten thousands digit of 22668?
2
What is the hundreds digit of 8411?
4
What is the tens digit of 9574?
7
What is the thousands digit of 15637?
5
What is the hundreds digit of 1404?
4
What is the thousands digit of 21054?
1
What is the tens digit of 1339?
3
What is the thousands digit of 7809?
7
What is the units digit of 991?
1
What is the ten thousands digit of 10321?
1
What is the ten thousands digit of 73755?
7
What is the tens digit of 773?
7
What is the tens digit of 8328?
2
What is the tens digit of 2740?
4
What is the ten thousands digit of 102086?
0
What is the thousands digit of 9185?
9
What is the hundreds digit of 128?
1
What is the thousands digit of 17449?
7
What is the tens digit of 279?
7
What is the thousands digit of 52152?
2
What is the hundreds digit of 7310?
3
What is the units digit of 3143?
3
What is the thousands digit of 19522?
9
What is the tens digit of 21313?
1
What is the tens digit of 3540?
4
What is the hundreds digit of 19128?
1
What is the hundreds digit of 1302?
3
What is the hundreds digit of 9615?
6
What is the units digit of 1180?
0
What is the tens digit of 14390?
9
What is the hundreds digit of 599?
5
What is the thousands digit of 4173?
4
What is the tens digit of 4993?
9
What is the hundreds digit of 1054?
0
What is the units digit of 5090?
0
What is the units digit of 117973?
3
What is the hundreds digit of 702?
7
What is the units digit of 13856?
6
What is the tens digit of 5923?
2
What is the tens digit of 1591?
9
What is the thousands digit of 3265?
3
What is the thousands digit of 11516?
1
What is the hundreds digit of 2113?
1
What is the tens digit of 434?
3
What is the units digit of 250?
0
What is the units digit of 6860?
0
What is the tens digit of 98979?
7
What is the hundreds digit of 223?
2
What is the tens digit of 79?
7
What is the units digit of 87?
7
What is the thousands digit of 9868?
9
What is the hundreds digit of 10002?
0
What is the tens digit of 1099?
9
What is the units digit of 88250?
0
What is the hundreds digit of 17986?
9
What is the units digit of 339?
9
What is the thousands digit of 1399?
1
What is the hundreds digit of 1866?
8
What is the hundreds digit of 785?
7
What is the units digit of 1241?
1
What is the units digit of 3403?
3
What is the tens digit of 1393?
9
What is the units digit of 198?
8
What is the thousands digit of 2946?
2
What is the ten thousands digit of 36014?
3
What is the thousands digit of 1785?
1
What is the units digit of 162?
2
What is the units digit of 1254?
4
What is the units digit of 10376?
6
What is the units digit of 1046?
6
What is the hundreds digit of 22729?
7
What is the units digit of 5085?
5
What is the tens digit of 30204?
0
What is the hundreds digit of 80059?
0
What is the thousands digit of 35885?
5
What is the thousands digit of 4374?
4
What is the tens digit of 69517?
1
What is the units digit of 27901?
1
What is the tens digit of 121472?
7
What is the units digit of 11444?
4
What is the units digit of 3106?
6
What is the tens digit of 20291?
9
What is the hundreds digit of 1299?
2
What is the units digit of 1156?
6
What is the units digit of 5073?
3
What is the ten thousands digit of 125805?
2
What is the tens digit of 1777?
7
What is the tens digit of 1080?
8
What is the tens digit of 813?
1
What is the units digit of 170?
0
What is the tens digit of 216?
1
What is the tens digit of 51498?
9
What is the hundreds digit of 9160?
1
What is the thousands digit of 1141?
1
What is the units digit of 3639?
9
What is the thousands digit of 80320?
0
What is the tens digit of 107240?
4
What is the hundreds digit of 146094?
0
What is the tens digit of 230?
3
What is the tens digit of 99979?
7
What is the units digit of 8575?
5
What is the ten thousands digit of 21395?
2
What is the tens digit of 1247?
4
What is the tens digit of 1023?
2
What is the hundreds digit of 112266?
2
What is the tens digit of 354?
5
What is the ten thousands digit of 53518?
5
What is the tens digit of 3894?
9
What is the tens digit of 1066?
6
What is the thousands digit of 3872?
3
What is the tens digit of 1655?
5
What is the tens digit of 1077?
7
What is the hundreds digit of 3879?
8
What is the hundreds digit of 1591?
5
What is the thousands digit of 20849?
0
What is the units digit of 61464?
4
What is the ten thousands di